{"id":55,"date":"2026-02-23T06:35:14","date_gmt":"2026-02-23T06:35:14","guid":{"rendered":"https:\/\/aytosleon2.serinza.com\/?page_id=55"},"modified":"2026-02-23T08:30:15","modified_gmt":"2026-02-23T08:30:15","slug":"turismo","status":"publish","type":"page","link":"https:\/\/aytosleon2.serinza.com\/?page_id=55","title":{"rendered":"Turismo"},"content":{"rendered":"\t\t<div data-elementor-type=\"wp-page\" data-elementor-id=\"55\" class=\"elementor elementor-55\">\n\t\t\t\t<div class=\"elementor-element elementor-element-1ac1994 e-flex e-con-boxed e-con e-parent\" data-id=\"1ac1994\" data-element_type=\"container\" data-e-type=\"container\">\n\t\t\t\t\t<div class=\"e-con-inner\">\n\t\t\t\t<div class=\"elementor-element elementor-element-219bedd elementor-widget elementor-widget-hfe-breadcrumbs-widget\" data-id=\"219bedd\" data-element_type=\"widget\" data-e-type=\"widget\" data-widget_type=\"hfe-breadcrumbs-widget.default\">\n\t\t\t\t<div class=\"elementor-widget-container\">\n\t\t\t\t\t<nav aria-label=\"Breadcrumb\"><ul class=\"hfe-breadcrumbs hfe-breadcrumbs-show-home\"><li class=\"hfe-breadcrumbs-item hfe-breadcrumbs-first\"><span class=\"hfe-breadcrumbs-home-icon\"><\/span><a href=\"https:\/\/aytosleon2.serinza.com\"><span class=\"hfe-breadcrumbs-text\">Inicio<\/span><\/a><\/li><\/ul><\/nav>\t\t\t\t<\/div>\n\t\t\t\t<\/div>\n\t\t\t\t<div class=\"elementor-element elementor-element-cf45756 elementor-widget elementor-widget-heading\" data-id=\"cf45756\" data-element_type=\"widget\" data-e-type=\"widget\" data-widget_type=\"heading.default\">\n\t\t\t\t\t<h1 class=\"elementor-heading-title elementor-size-default\">Turismo<\/h1>\t\t\t\t<\/div>\n\t\t\t\t\t<\/div>\n\t\t\t\t<\/div>\n\t\t<div class=\"elementor-element elementor-element-39547a0 e-flex e-con-boxed e-con e-parent\" data-id=\"39547a0\" data-element_type=\"container\" data-e-type=\"container\">\n\t\t\t\t\t<div class=\"e-con-inner\">\n\t\t\t\t<div class=\"elementor-element elementor-element-4f010f6 elementor-widget elementor-widget-text-editor\" data-id=\"4f010f6\" data-element_type=\"widget\" data-e-type=\"widget\" data-widget_type=\"text-editor.default\">\n\t\t\t\t\t\t\t\t\t<p>Priaranza del Bierzo se encuentra a pocos kil\u00f3metros de Ponferrada. Posee una riqueza agr\u00edcola importante, destacando los cultivos de frutales y las vi\u00f1as. Lo que no est\u00e1 cubierto por estos dos cultivos es rico en bosques de casta\u00f1os y de chopos. Estos \u00faltimos junto al\u00a0<b>rio Sil<\/b>. El\u00a0<b>Se\u00f1or\u00edo de Priaranza<\/b>, fue otorgado por el rey Fernando II en 1558 y se prolong\u00f3 hasta la abolici\u00f3n de los se\u00f1or\u00edos en el s. XIX.<\/p><p>Podremos visitar el\u00a0<b>Castillo de Cornatel<\/b>, situado sobre el acantilado del arroyo Ferreiros, habitado por\u00a0<b>templarios<\/b>\u00a0y m\u00e1s tarde por el Conde de Lemos. Lugar donde transcurre parte de la novela rom\u00e1ntica,\u00a0<b>El Se\u00f1or de Bembibre<\/b>, escrita por Enrrique Gil y Carrasco. En el pueblo de Santalla encontramos su iglesia parroquial del s. XVIII,con retablo rococ\u00f3.<\/p><p>Entre los pueblos de Priaranza y Santalla nos encontraremos El Palacio, construccion hoy deshabitada y que fue la sede del Se\u00f1or\u00edo de Priaranza.<\/p><p>Podremos disfrutar de pueblos bonitos y con encanto como son: Villavieja situado en el fondo de un valle, Paradela de Muces tiene una bonita fuente cubierta -manantial natural- y un horno de piedra donde se cuece el pan. Ferradillo, pueblo abandonado que hoy se esta restaurando.<\/p><p>Podemos ser testigo desde el\u00a0<b>Mirador de Santalla<\/b>\u00a0de las espectaculares vistas al Valle del Sil y de las Barrancas de Santalla.<\/p><p>Cuenta Priaranza con la escultura de un templario que\u00a0<i>proteje<\/i>\u00a0al peregrino del\u00a0<b>Camino de Santiago de Invierno<\/b>, obra de V\u00edctor Lobato\u00a0<i>Rixo<\/i>, escultor de la zona.\u00a0 \u00a0 El \u00faltimo fin de semana del mes de agosto se puede disfrutar en el Castillo de Cornatel de una <b>fiesta medieval<\/b>\u00a0animada por los Caballeros de Ulver con fant\u00e1sticas representaciones.<\/p>\t\t\t\t\t\t\t\t<\/div>\n\t\t\t\t\t<\/div>\n\t\t\t\t<\/div>\n\t\t\t\t<section class=\"elementor-section elementor-top-section elementor-element elementor-element-mkolb7f elementor-section-content-middle elementor-section-boxed elementor-section-height-default elementor-section-height-default\" data-id=\"mkolb7f\" data-element_type=\"section\" data-e-type=\"section\" data-settings=\"{&quot;background_background&quot;:&quot;classic&quot;}\">\n\t\t\t\t\t\t\t<div class=\"elementor-background-overlay\"><\/div>\n\t\t\t\t\t\t\t<div class=\"elementor-container elementor-column-gap-no\">\n\t\t\t\t\t<div class=\"elementor-column elementor-col-50 elementor-top-column elementor-element elementor-element-957c1a9\" data-id=\"957c1a9\" data-element_type=\"column\" data-e-type=\"column\">\n\t\t\t<div class=\"elementor-widget-wrap elementor-element-populated\">\n\t\t\t\t\t\t<div class=\"elementor-element elementor-element-fd47f1d elementor-widget elementor-widget-image\" data-id=\"fd47f1d\" data-element_type=\"widget\" data-e-type=\"widget\" data-widget_type=\"image.default\">\n\t\t\t\t\t\t\t\t\t\t\t\t\t\t\t<img fetchpriority=\"high\" decoding=\"async\" width=\"1600\" height=\"450\" src=\"https:\/\/aytosleon2.serinza.com\/wp-content\/uploads\/2026\/02\/slider-3.jpg\" class=\"attachment-full size-full wp-image-115\" alt=\"Castillo de Cornatel\" srcset=\"https:\/\/aytosleon2.serinza.com\/wp-content\/uploads\/2026\/02\/slider-3.jpg 1600w, https:\/\/aytosleon2.serinza.com\/wp-content\/uploads\/2026\/02\/slider-3-300x84.jpg 300w, https:\/\/aytosleon2.serinza.com\/wp-content\/uploads\/2026\/02\/slider-3-1024x288.jpg 1024w, https:\/\/aytosleon2.serinza.com\/wp-content\/uploads\/2026\/02\/slider-3-768x216.jpg 768w, https:\/\/aytosleon2.serinza.com\/wp-content\/uploads\/2026\/02\/slider-3-1536x432.jpg 1536w\" sizes=\"(max-width: 1600px) 100vw, 1600px\" \/>\t\t\t\t\t\t\t\t\t\t\t\t\t\t\t<\/div>\n\t\t\t\t\t<\/div>\n\t\t<\/div>\n\t\t\t\t<div class=\"elementor-column elementor-col-50 elementor-top-column elementor-element elementor-element-75109e3\" data-id=\"75109e3\" data-element_type=\"column\" data-e-type=\"column\">\n\t\t\t<div class=\"elementor-widget-wrap elementor-element-populated\">\n\t\t\t\t\t\t<div class=\"elementor-element elementor-element-0806230 elementor-widget elementor-widget-heading\" data-id=\"0806230\" data-element_type=\"widget\" data-e-type=\"widget\" data-widget_type=\"heading.default\">\n\t\t\t\t\t<h2 class=\"elementor-heading-title elementor-size-default\">Castillo de Cornatel<\/h2>\t\t\t\t<\/div>\n\t\t\t\t<div class=\"elementor-element elementor-element-27a622b elementor-widget elementor-widget-text-editor\" data-id=\"27a622b\" data-element_type=\"widget\" data-e-type=\"widget\" data-widget_type=\"text-editor.default\">\n\t\t\t\t\t\t\t\t\t<p>Imponente fortaleza de origen templario suspendida vertiginosamente sobre un barranco. Un rinc\u00f3n cargado de historia y leyendas que ofrece unas vistas panor\u00e1micas inigualables de toda la comarca berciana.<\/p>\t\t\t\t\t\t\t\t<\/div>\n\t\t\t\t\t<\/div>\n\t\t<\/div>\n\t\t\t\t\t<\/div>\n\t\t<\/section>\n\t\t\t\t<section class=\"elementor-section elementor-top-section elementor-element elementor-element-2683615 elementor-section-content-middle elementor-section-boxed elementor-section-height-default elementor-section-height-default\" data-id=\"2683615\" data-element_type=\"section\" data-e-type=\"section\" data-settings=\"{&quot;background_background&quot;:&quot;classic&quot;}\">\n\t\t\t\t\t\t\t<div class=\"elementor-background-overlay\"><\/div>\n\t\t\t\t\t\t\t<div class=\"elementor-container elementor-column-gap-no\">\n\t\t\t\t\t<div class=\"elementor-column elementor-col-50 elementor-top-column elementor-element elementor-element-ce7fc0c\" data-id=\"ce7fc0c\" data-element_type=\"column\" data-e-type=\"column\">\n\t\t\t<div class=\"elementor-widget-wrap elementor-element-populated\">\n\t\t\t\t\t\t<div class=\"elementor-element elementor-element-59ca8b5 elementor-widget elementor-widget-heading\" data-id=\"59ca8b5\" data-element_type=\"widget\" data-e-type=\"widget\" data-widget_type=\"heading.default\">\n\t\t\t\t\t<h2 class=\"elementor-heading-title elementor-size-default\">Barrancas de Santalla<\/h2>\t\t\t\t<\/div>\n\t\t\t\t<div class=\"elementor-element elementor-element-c38768a elementor-widget elementor-widget-text-editor\" data-id=\"c38768a\" data-element_type=\"widget\" data-e-type=\"widget\" data-widget_type=\"text-editor.default\">\n\t\t\t\t\t\t\t\t\t<p>Espectaculares formaciones arcillosas esculpidas por la erosi\u00f3n natural junto al r\u00edo Sil. Un mirador que contrasta el intenso color rojizo de sus tajos con los frondosos sotos de casta\u00f1os.<\/p>\t\t\t\t\t\t\t\t<\/div>\n\t\t\t\t\t<\/div>\n\t\t<\/div>\n\t\t\t\t<div class=\"elementor-column elementor-col-50 elementor-top-column elementor-element elementor-element-9237ca1\" data-id=\"9237ca1\" data-element_type=\"column\" data-e-type=\"column\">\n\t\t\t<div class=\"elementor-widget-wrap elementor-element-populated\">\n\t\t\t\t\t\t<div class=\"elementor-element elementor-element-3b80211 elementor-widget elementor-widget-image\" data-id=\"3b80211\" data-element_type=\"widget\" data-e-type=\"widget\" data-widget_type=\"image.default\">\n\t\t\t\t\t\t\t\t\t\t\t\t\t\t\t<img decoding=\"async\" width=\"1400\" height=\"450\" src=\"https:\/\/aytosleon2.serinza.com\/wp-content\/uploads\/2026\/02\/slider2.jpg\" class=\"attachment-full size-full wp-image-114\" alt=\"Mirador de Santalla\" srcset=\"https:\/\/aytosleon2.serinza.com\/wp-content\/uploads\/2026\/02\/slider2.jpg 1400w, https:\/\/aytosleon2.serinza.com\/wp-content\/uploads\/2026\/02\/slider2-300x96.jpg 300w, https:\/\/aytosleon2.serinza.com\/wp-content\/uploads\/2026\/02\/slider2-1024x329.jpg 1024w, https:\/\/aytosleon2.serinza.com\/wp-content\/uploads\/2026\/02\/slider2-768x247.jpg 768w\" sizes=\"(max-width: 1400px) 100vw, 1400px\" \/>\t\t\t\t\t\t\t\t\t\t\t\t\t\t\t<\/div>\n\t\t\t\t\t<\/div>\n\t\t<\/div>\n\t\t\t\t\t<\/div>\n\t\t<\/section>\n\t\t\t\t<section class=\"elementor-section elementor-top-section elementor-element elementor-element-b137c68 elementor-section-content-middle elementor-section-boxed elementor-section-height-default elementor-section-height-default\" data-id=\"b137c68\" data-element_type=\"section\" data-e-type=\"section\" data-settings=\"{&quot;background_background&quot;:&quot;classic&quot;}\">\n\t\t\t\t\t\t\t<div class=\"elementor-background-overlay\"><\/div>\n\t\t\t\t\t\t\t<div class=\"elementor-container elementor-column-gap-no\">\n\t\t\t\t\t<div class=\"elementor-column elementor-col-50 elementor-top-column elementor-element elementor-element-60805f1\" data-id=\"60805f1\" data-element_type=\"column\" data-e-type=\"column\">\n\t\t\t<div class=\"elementor-widget-wrap elementor-element-populated\">\n\t\t\t\t\t\t<div class=\"elementor-element elementor-element-b00a0cc elementor-widget elementor-widget-image\" data-id=\"b00a0cc\" data-element_type=\"widget\" data-e-type=\"widget\" data-widget_type=\"image.default\">\n\t\t\t\t\t\t\t\t\t\t\t\t\t\t\t<img decoding=\"async\" width=\"1600\" height=\"450\" src=\"https:\/\/aytosleon2.serinza.com\/wp-content\/uploads\/2026\/02\/slide2-camino.jpg\" class=\"attachment-full size-full wp-image-113\" alt=\"Camino de Santiago\" srcset=\"https:\/\/aytosleon2.serinza.com\/wp-content\/uploads\/2026\/02\/slide2-camino.jpg 1600w, https:\/\/aytosleon2.serinza.com\/wp-content\/uploads\/2026\/02\/slide2-camino-300x84.jpg 300w, https:\/\/aytosleon2.serinza.com\/wp-content\/uploads\/2026\/02\/slide2-camino-1024x288.jpg 1024w, https:\/\/aytosleon2.serinza.com\/wp-content\/uploads\/2026\/02\/slide2-camino-768x216.jpg 768w, https:\/\/aytosleon2.serinza.com\/wp-content\/uploads\/2026\/02\/slide2-camino-1536x432.jpg 1536w\" sizes=\"(max-width: 1600px) 100vw, 1600px\" \/>\t\t\t\t\t\t\t\t\t\t\t\t\t\t\t<\/div>\n\t\t\t\t\t<\/div>\n\t\t<\/div>\n\t\t\t\t<div class=\"elementor-column elementor-col-50 elementor-top-column elementor-element elementor-element-c5575e2\" data-id=\"c5575e2\" data-element_type=\"column\" data-e-type=\"column\">\n\t\t\t<div class=\"elementor-widget-wrap elementor-element-populated\">\n\t\t\t\t\t\t<div class=\"elementor-element elementor-element-4dda867 elementor-widget elementor-widget-heading\" data-id=\"4dda867\" data-element_type=\"widget\" data-e-type=\"widget\" data-widget_type=\"heading.default\">\n\t\t\t\t\t<h2 class=\"elementor-heading-title elementor-size-default\">Camino de santiago<\/h2>\t\t\t\t<\/div>\n\t\t\t\t<div class=\"elementor-element elementor-element-c182c49 elementor-widget elementor-widget-text-editor\" data-id=\"c182c49\" data-element_type=\"widget\" data-e-type=\"widget\" data-widget_type=\"text-editor.default\">\n\t\t\t\t\t\t\t\t\t<p>Una ruta jacobea alternativa y sin masificar que atraviesa paisajes impresionantes como la Ribeira Sacra y El Bierzo. Ideal para quienes buscan naturaleza, tranquilidad y patrimonio cultural.<\/p>\t\t\t\t\t\t\t\t<\/div>\n\t\t\t\t\t<\/div>\n\t\t<\/div>\n\t\t\t\t\t<\/div>\n\t\t<\/section>\n\t\t<div class=\"elementor-element elementor-element-1e7dd10c e-flex e-con-boxed e-con e-parent\" data-id=\"1e7dd10c\" data-element_type=\"container\" data-e-type=\"container\" data-settings=\"{&quot;background_background&quot;:&quot;classic&quot;}\">\n\t\t\t\t\t<div class=\"e-con-inner\">\n\t\t<div class=\"elementor-element elementor-element-40146b88 e-con-full e-flex e-con e-child\" data-id=\"40146b88\" data-element_type=\"container\" data-e-type=\"container\">\n\t\t\t\t<div class=\"elementor-element elementor-element-74ca2df7 elementor-widget elementor-widget-heading\" data-id=\"74ca2df7\" data-element_type=\"widget\" data-e-type=\"widget\" data-widget_type=\"heading.default\">\n\t\t\t\t\t<h2 class=\"elementor-heading-title elementor-size-default\">Contacto<\/h2>\t\t\t\t<\/div>\n\t\t\t\t<div class=\"elementor-element elementor-element-4ec2e836 elementor-widget elementor-widget-text-editor\" data-id=\"4ec2e836\" data-element_type=\"widget\" data-e-type=\"widget\" data-widget_type=\"text-editor.default\">\n\t\t\t\t\t\t\t\t\t<p>Av, de Recunco, 70. 24448, Priaranza del Bierzo (Le\u00f3n).<br \/>987 420 806<br \/>aytopriaranza@gmail.com<\/p>\t\t\t\t\t\t\t\t<\/div>\n\t\t\t\t<\/div>\n\t\t<div class=\"elementor-element elementor-element-6326185f e-con-full e-flex e-con e-child\" data-id=\"6326185f\" data-element_type=\"container\" data-e-type=\"container\" data-settings=\"{&quot;background_background&quot;:&quot;classic&quot;}\">\n\t\t\t\t<div class=\"elementor-element elementor-element-67aa5eb3 elementor-widget elementor-widget-image\" data-id=\"67aa5eb3\" data-element_type=\"widget\" data-e-type=\"widget\" data-widget_type=\"image.default\">\n\t\t\t\t\t\t\t\t\t\t\t\t\t\t\t<img loading=\"lazy\" decoding=\"async\" width=\"1024\" height=\"313\" src=\"https:\/\/aytosleon2.serinza.com\/wp-content\/uploads\/2026\/02\/Ayto-Priaranza-blanco-1024x313.png\" class=\"attachment-large size-large wp-image-73\" alt=\"\" srcset=\"https:\/\/aytosleon2.serinza.com\/wp-content\/uploads\/2026\/02\/Ayto-Priaranza-blanco-1024x313.png 1024w, https:\/\/aytosleon2.serinza.com\/wp-content\/uploads\/2026\/02\/Ayto-Priaranza-blanco-300x92.png 300w, https:\/\/aytosleon2.serinza.com\/wp-content\/uploads\/2026\/02\/Ayto-Priaranza-blanco-768x234.png 768w, https:\/\/aytosleon2.serinza.com\/wp-content\/uploads\/2026\/02\/Ayto-Priaranza-blanco-1536x469.png 1536w, https:\/\/aytosleon2.serinza.com\/wp-content\/uploads\/2026\/02\/Ayto-Priaranza-blanco-2048x625.png 2048w\" sizes=\"(max-width: 1024px) 100vw, 1024px\" \/>\t\t\t\t\t\t\t\t\t\t\t\t\t\t\t<\/div>\n\t\t\t\t<\/div>\n\t\t\t\t\t<\/div>\n\t\t\t\t<\/div>\n\t\t<div class=\"elementor-element elementor-element-1c9c8a36 e-flex e-con-boxed e-con e-parent\" data-id=\"1c9c8a36\" data-element_type=\"container\" data-e-type=\"container\" data-settings=\"{&quot;background_background&quot;:&quot;classic&quot;}\">\n\t\t\t\t\t<div class=\"e-con-inner\">\n\t\t<div class=\"elementor-element elementor-element-d78924e e-con-full e-flex e-con e-child\" data-id=\"d78924e\" data-element_type=\"container\" data-e-type=\"container\">\n\t\t\t\t<div class=\"elementor-element elementor-element-153f265e elementor-widget elementor-widget-text-editor\" data-id=\"153f265e\" data-element_type=\"widget\" data-e-type=\"widget\" data-widget_type=\"text-editor.default\">\n\t\t\t\t\t\t\t\t\t<p>Inicio\u00a0 |\u00a0 Mapa Web\u00a0 |\u00a0 Pol\u00edtica de Privacidad\u00a0 |\u00a0 Accesibilidad\u00a0 |\u00a0 Aviso legal<\/p>\t\t\t\t\t\t\t\t<\/div>\n\t\t\t\t<\/div>\n\t\t\t\t\t<\/div>\n\t\t\t\t<\/div>\n\t\t<div class=\"elementor-element elementor-element-3b78e3cd e-flex e-con-boxed e-con e-parent\" data-id=\"3b78e3cd\" data-element_type=\"container\" data-e-type=\"container\" data-settings=\"{&quot;background_background&quot;:&quot;classic&quot;}\">\n\t\t\t\t\t<div class=\"e-con-inner\">\n\t\t<div class=\"elementor-element elementor-element-6ddd2313 e-con-full e-flex e-con e-child\" data-id=\"6ddd2313\" data-element_type=\"container\" data-e-type=\"container\">\n\t\t\t\t<div class=\"elementor-element elementor-element-54491d36 elementor-widget elementor-widget-text-editor\" data-id=\"54491d36\" data-element_type=\"widget\" data-e-type=\"widget\" data-widget_type=\"text-editor.default\">\n\t\t\t\t\t\t\t\t\t<p>\u00a9 Ayuntamiento de Priaranza del Bierzo<\/p>\t\t\t\t\t\t\t\t<\/div>\n\t\t\t\t<\/div>\n\t\t\t\t\t<\/div>\n\t\t\t\t<\/div>\n\t\t\t\t<\/div>\n\t\t","protected":false},"excerpt":{"rendered":"<p>Inicio Turismo Priaranza del Bierzo se encuentra a pocos kil\u00f3metros de Ponferrada. Posee una riqueza agr\u00edcola importante, destacando los cultivos [&hellip;]<\/p>\n","protected":false},"author":1,"featured_media":0,"parent":0,"menu_order":0,"comment_status":"closed","ping_status":"closed","template":"","meta":{"site-sidebar-layout":"no-sidebar","site-content-layout":"","ast-site-content-layout":"full-width-container","site-content-style":"default","site-sidebar-style":"default","ast-global-header-display":"","ast-banner-title-visibility":"","ast-main-header-display":"","ast-hfb-above-header-display":"","ast-hfb-below-header-display":"","ast-hfb-mobile-header-display":"","site-post-title":"disabled","ast-breadcrumbs-content":"","ast-featured-img":"disabled","footer-sml-layout":"","ast-disable-related-posts":"","theme-transparent-header-meta":"","adv-header-id-meta":"","stick-header-meta":"","header-above-stick-meta":"","header-main-stick-meta":"","header-below-stick-meta":"","astra-migrate-meta-layouts":"default","ast-page-background-enabled":"default","ast-page-background-meta":{"desktop":{"background-color":"var(--ast-global-color-5)","background-image":"","background-repeat":"repeat","background-position":"center center","background-size":"auto","background-attachment":"scroll","background-type":"","background-media":"","overlay-type":"","overlay-color":"","overlay-opacity":"","overlay-gradient":""},"tablet":{"background-color":"","background-image":"","background-repeat":"repeat","background-position":"center center","background-size":"auto","background-attachment":"scroll","background-type":"","background-media":"","overlay-type":"","overlay-color":"","overlay-opacity":"","overlay-gradient":""},"mobile":{"background-color":"","background-image":"","background-repeat":"repeat","background-position":"center center","background-size":"auto","background-attachment":"scroll","background-type":"","background-media":"","overlay-type":"","overlay-color":"","overlay-opacity":"","overlay-gradient":""}},"ast-content-background-meta":{"desktop":{"background-color":"var(--ast-global-color-4)","background-image":"","background-repeat":"repeat","background-position":"center center","background-size":"auto","background-attachment":"scroll","background-type":"","background-media":"","overlay-type":"","overlay-color":"","overlay-opacity":"","overlay-gradient":""},"tablet":{"background-color":"var(--ast-global-color-4)","background-image":"","background-repeat":"repeat","background-position":"center center","background-size":"auto","background-attachment":"scroll","background-type":"","background-media":"","overlay-type":"","overlay-color":"","overlay-opacity":"","overlay-gradient":""},"mobile":{"background-color":"var(--ast-global-color-4)","background-image":"","background-repeat":"repeat","background-position":"center center","background-size":"auto","background-attachment":"scroll","background-type":"","background-media":"","overlay-type":"","overlay-color":"","overlay-opacity":"","overlay-gradient":""}},"footnotes":""},"class_list":["post-55","page","type-page","status-publish","hentry"],"_links":{"self":[{"href":"https:\/\/aytosleon2.serinza.com\/index.php?rest_route=\/wp\/v2\/pages\/55","targetHints":{"allow":["GET"]}}],"collection":[{"href":"https:\/\/aytosleon2.serinza.com\/index.php?rest_route=\/wp\/v2\/pages"}],"about":[{"href":"https:\/\/aytosleon2.serinza.com\/index.php?rest_route=\/wp\/v2\/types\/page"}],"author":[{"embeddable":true,"href":"https:\/\/aytosleon2.serinza.com\/index.php?rest_route=\/wp\/v2\/users\/1"}],"replies":[{"embeddable":true,"href":"https:\/\/aytosleon2.serinza.com\/index.php?rest_route=%2Fwp%2Fv2%2Fcomments&post=55"}],"version-history":[{"count":25,"href":"https:\/\/aytosleon2.serinza.com\/index.php?rest_route=\/wp\/v2\/pages\/55\/revisions"}],"predecessor-version":[{"id":124,"href":"https:\/\/aytosleon2.serinza.com\/index.php?rest_route=\/wp\/v2\/pages\/55\/revisions\/124"}],"wp:attachment":[{"href":"https:\/\/aytosleon2.serinza.com\/index.php?rest_route=%2Fwp%2Fv2%2Fmedia&parent=55"}],"curies":[{"name":"wp","href":"https:\/\/api.w.org\/{rel}","templated":true}]}}